 remainder when 99 is divided by y.
49
Let s = 100 - -59. Calculate the remainder when s is divided by 83.
76
Let n(b) = 15*b - 114. What is the remainder when 1 + 24 + 1 + -3 is divided by n(8)?
5
Suppose 0 = -4*u + 3*u + 1, 5*b - 5*u - 90 = 0. Suppose 2*s + 3*h - 19 = 0, 5*h = -0*s + 3*s - b. What is the remainder when 39 is divided by s?
7
Suppose 1 - 19 = -3*n - h, -3*n = -3*h - 6. Suppose n*r + 2*t = 310, 7*r = 4*r - t + 186. What is the remainder when r is divided by 9?
8
Let i = 89 - 53. Suppose -6 = -x + 7. What is the remainder when x is divided by 260/i - 4/18?
6
Let z = 33 + -23. Let i(w) = w**3 - 13 - 2*w**2 - 2*w**2 + z. What is the remainder when 41 is divided by i(5)?
19
Let s(t) = 98*t**2 - 3*t + 2. What is the remainder when s(1) is divided by 14?
13
Suppose 176*h = 178*h - 146. Let z(u) = 8*u**3 - u**2. Let t be z(-1). Let l = t + 28. Calculate the remainder when h is divided by l.
16
Let w(f) = f**3 + 7*f**2 + 6*f + 4. Suppose 3*m + 13 = i, -i - 2*i = m + 21. Suppose -14 = -7*r + 5*r. What is the remainder when r is divided by w(m)?
3
Let o(s) be the first derivative of -3*s**4/4 - s**3 - s**2/2 - 7*s - 10. Calculate the remainder when o(-3) is divided by 14.
8
Suppose -4*w - 4*r + 19 = 55, -5*w - 61 = r. Calculate the remainder when 7 is divided by w/(-3) - 1/((-15)/10).
2
Let a(u) = 11*u**2 - 9*u - 10. Let y(d) = -10*d + 1. Calculate the remainder when a(-4) is divided by y(-4).
38
Let w be (0 - -1)/((1 + 2)/12). Suppose -6 = -w*t - 5*h, 7*t - 26 = 3*t + 5*h. Calculate the remainder when 18 is divided by t.
2
Let n be ((-28)/8)/((3/(-30))/1). Let s = 15 + n. Calculate the remainder when 298 is divided by s.
48
Let n = 10 - 6. Let z(x) = x - 3. Calculate the remainder when z(n) is divided by ((-48)/(-16))/((-6)/(-2)).
0
Suppose 664 = -6*g + 1750. Calculate the remainder when g is divided by (-2 - -5) + (11 - 0).
13
Let w = -14 + 30. Suppose 0 = -19*b + w*b + 558. Calculate the remainder when b is divided by 27.
24
Suppose 16 = 4*t - 32. Calculate the remainder when (-10)/14 - -1 - (-9483)/203 is divided by t.
11
Let r(q) = -q**2 + 30*q - 49. Let f(k) = -k**2 + 10*k - 6. What is the remainder when f(6) is divided by r(28)?
4
Suppose 0 = -5*y - 12*l + 8*l + 162, 5*l + 146 = 4*y. Suppose 4*h = 454 - 54. Calculate the remainder when h is divided by y.
32
Let x(d) = -115*d - 140. Calculate the remainder when x(-2) is divided by 23.
21
Suppose 3*b + 2*r = 27, 3*b + 9*r - 27 = 14*r. Calculate the remainder when b is divided by 5.
4
Let k = -9 + 56. Suppose 27 = -2*l + 3*l. What is the remainder when k is divided by l?
20
Let m = 71 + -45. Calculate the remainder when m is divided by 5/(-4)*(8 - 16).
6
Let q(a) = 22*a - 8. Suppose 0 = 6*w - 7*w + 7. Let z be q(w). Let d = 214 - z. Calculate the remainder when d is divided by 14.
12
Let r = -68 + 77. Calculate the remainder when 6 is divided by 4 + (-22)/6 + 24/r.
0
Let x(t) = -t**3 - 4*t**2 - 3. Suppose 15*f = 126 + 144. Calculate the remainder when x(-6) is divided by f.
15
Let g = 14 - 7. Suppose 3*v + 20 = 2*d, -4*d + 2*d + 12 = -v. Suppose -d*o - o + 94 = 3*b, -5*o = -5*b - 110. What is the remainder when o is divided by g?
6
Suppose -570 = -9*v + 4*v. Let n = -78 + v. Suppose -5*o = 15, -22 = -4*m - 3*o + 21. What is the remainder when n is divided by m?
10
Let y = -3 + 8. Suppose 3*p = y*p + 4. Let n = 7 - p. What is the remainder when 24 is divided by n?
6
Let b(g) = -3*g**3 + 4*g**2 + 5*g - 15. What is the remainder when 343 is divided by b(-3)?
82
Suppose 0*t = 2*b - t - 705, -1395 = -4*b - t. What is the remainder when b is divided by 16?
14
Let i(q) = -47*q + 102*q + 19 - 54*q. Calculate the remainder when i(-6) is divided by 10.
3
Let i(r) = r + 29. Let b be i(13). Suppose 0 = 3*w + 3*h - 78, -2*h - 3*h = w - b. What is the remainder when 61 is divided by w?
17
Suppose -y = 2*y - l - 6, -3*l + 6 = -y. Suppose 5*m - 3*t - 9 = 3, -6 = -y*m + 3*t. Let c = 42 - 36. Calculate the remainder when c is divided by m.
0
Let v(o) = -o**2 - 22*o + 10. Let h be v(-19). Let a = 161 - h. What is the remainder when a is divided by 33?
28
Calculate the remainder when 59 is divided by -18*(-3)/24*4.
5
Let z(b) = b**2 - 4*b + 7. Suppose 0 = -2*j + 2*w + 20, -30 = 2*w - 34. What is the remainder when z(-6) is divided by j?
7
Let x = 461 - 315. Let d = x - 52. Suppose 2*i = 5*i - 3*j - 60, 5*i - d = -j. What is the remainder when 74 is divided by i?
17
Let l(p) = 2*p**2 - 4*p + 2. Let i be l(1). Suppose 4*d - 46 + 6 = i. What is the remainder when 188 is divided by d?
8
Let a(b) = -12*b - 462. What is the remainder when 258 is divided by a(-44)?
60
Let a(t) = -t**3 + 2*t**2 - t + 20. What is the remainder when a(0) is divided by 12?
8
Let k be (0 - -1)*(0 - 0). Suppose -2*i - 4*m + 30 = k, 2*m - 41 - 25 = -4*i. What is the remainder when -34*(-1)/1 + -10 + 7 is divided by i?
14
Suppose 26 = i + 5*o - 14, 2*i = -3*o + 45. Calculate the remainder when 10 is divided by (-1*(-6)/15)/(3/i).
0
Let k = 1282 + -873. Calculate the remainder when k is divided by 41.
40
Suppose 4*j - 5*j = 15. What is the remainder when j/10*292/(-6) is divided by 11?
7
Let q = -11 + 13. Suppose j - 2*b - 4 = -3*b, 5*j - q*b - 41 = 0. Suppose l = 21 - j. Calculate the remainder when 51 is divided by l.
9
Suppose 4*v + 305 = 641. Calculate the remainder when v is divided by 18.
12
Let p = 42 + -38. Suppose -p = 39*k - 41*k. Suppose 3 = -f + 4*v + 60, -k*f + 88 = 5*v. Calculate the remainder when f is divided by 13.
10
Suppose -r = -q - 16, 0 = -4*r + 22*q - 17*q + 64. Suppose 3*k - 380 = -k. What is the remainder when k is divided by r?
15
Let k = -62 + 74. Let h(t) = 3*t + 4. Let f be h(-2). Calculate the remainder when k is divided by (-6)/f + (-5 - -6).
0
Suppose -261 = -8*k - 229. Calculate the remainder when 200 is divided by k.
0
Let y = 20 - 21. Calculate the remainder when 47 is divided by (2 - y)*51/9.
13
Suppose -i = v - 35, 2*i + v - 51 = 14. Calculate the remainder when i is divided by 14.
2
Let c(a) = a - 7. Let f(x) = 28 - 14 + x - 15. Let t(u) = c(u) + f(u). Calculate the remainder when 11 is divided by t(7).
5
Calculate the remainder when -12*(2 + 414/(-24)) is divided by 6.
3
Let r = -221 + 322. Calculate the remainder when r is divided by 22.
13
Let y(q) = 19*q**2 + 2*q - 2. Let z = -15 - -18. Calculate the remainder when y(-2) is divided by 36/2*(4 - z).
16
Suppose -7*y - 71 + 575 = 0. Calculate the remainder when 575 is divided by y.
71
Let r(x) be the third derivative of x**6/30 + x**5/60 - 6*x**2. Calculate the remainder when 17 is divided by r(1).
2
Suppose 529 = 3*v - 4*k, -k + 588 + 309 = 5*v. What is the remainder when v is divided by 10?
9
Let v = 0 + -1. Let u(a) = 113*a**2. Let w be u(v). Calculate the remainder when (-12)/(-18)*(-2 + w) is divided by 25.
24
Let j be -3*1 - 32/(-4) - 2. Calculate the remainder when 68 is divided by -33*(-1)/j + -1.
8
Suppose 3*d - 75 = -2*y, -5*d - 2*y - 141 = -10*d. Suppose 32*i - d*i - 55 = 0. Calculate the remainder when 64 is divided by i.
9
Let d(g) = -2*g**3 - 32*g**2 - 12*g - 4. Let v be d(-16). Suppose -89*a = -87*a - v. Calculate the remainder when a is divided by 16.
14
Let l(i) = -i**3 - 18*i**2 - 17*i + 8. What is the remainder when (4 - 2) + 4 + 22 is divided by l(-17)?
4
Suppose 4*d - 23 = -3. Suppose -d*w + v = -57, 8 - 3 = w + 3*v. Calculate the remainder when w is divided by 4.
3
Suppose -3*o + 5*o - 66 = 0. Let l be (-2)/(-6) - (-20)/30. Calculate the remainder when o is divided by -2*l*-10 + -2.
15
Let m be 6/15 - (-26)/10. Suppose r + m*r - 44 = 0. Suppose 57*y - 59*y + 82 = 0. What is the remainder when y is divided by r?
8
Let s(j) = 15*j + 374. What is the remainder when 167 is divided by s(-24)?
13
Suppose -13*y = -12*y - 25. Let h(i) = i**2 + 2*i + 1. Let j(d) = -d**3 + 9*d**2 - 10*d + 12. Let o be j(8). Calculate the remainder when y is divided by h(o).
7
Let x be (24/4 - 4)*-99. Calculate the remainder when 157 is divided by (-6)/(-15) - x/5.
37
Let a(m) = -m**2 + 8*m + 12. Let b be a(9). Let t = 10 + -6. Suppose b*l - 8 = t. What is the remainder when 14 is divided by l?
2
Calculate the remainder when 558 is divided by 434/14 - (2 + -4).
30
Suppose j + 1 = 0, 2*z - 27 = -j - 2. What is the remainder when z is divided by (-2 